What is the remainder when 5 is divided by o?
2
Let x = -2 + 9. Suppose x*z + 4*u - 36 = 3*z, -5*z + 53 = -3*u. Calculate the remainder when z is divided by 4.
2
Let h = -1 + 5. Suppose -w = -4*g - 20, -w - g - h = 3*g. Suppose 5*z - 18 = 57. Calculate the remainder when z is divided by w.
7
Suppose 35 = 5*j - 3*b, -j = -2*j + 3*b + 7. What is the remainder when j is divided by 5?
2
Let z(c) = 2*c**2 + c - 4. Calculate the remainder when z(-3) is divided by 4.
3
Suppose -2 = -2*k + k. Suppose -2*g - 3*t - 8 = -3*g, -g + k*t = -6. Suppose g*j = o - 31, 3*o - 79 = -0*o - j. Calculate the remainder when o is divided by 14.
13
Let n = -18 + 39. Suppose 119*c = 123*c - 164. Calculate the remainder when c is divided by n.
20
Calculate the remainder when 2*(-51)/2*(-1)/3 is divided by 10.
7
Let k = 19 - 7. Calculate the remainder when 34 is divided by k.
10
Let t be (-2)/(-3)*(10 - 7). Suppose 5*k + 2*l = 71, -t*k + 38 = l + 3*l. What is the remainder when 51 is divided by k?
12
Let w = -12 - -7. Let v = w + 17. Suppose -4*r + r = -v. What is the remainder when 7 is divided by r?
3
Suppose -7*x + 20 = -36. What is the remainder when x is divided by 1 - (0/2 - 2)?
2
Let r(k) = -2*k**2 - 5*k + 6. Let l = 2 - 7. Let a be r(l). Let b = a - -48. What is the remainder when b is divided by 15?
14
Let s be -3*((-1 - -2) + -2). Suppose -2*k = s*k - 155. What is the remainder when k is divided by 16?
15
Let h be (-8)/28 - 6/(-21). Suppose 3*w - 6 - 42 = h. What is the remainder when w is divided by 6?
4
Let t(r) = r**2 - 6*r - 13. What is the remainder when 139 is divided by t(-3)?
13
Let x be (-1)/1*(-9 + 5). Suppose x*s - 3*s = 6. What is the remainder when 16 is divided by s?
4
Let r be 3/(-2)*4/(-6). Suppose -r = -f + 1. Let h(u) = 10*u**2 - 3*u. Calculate the remainder when h(f) is divided by 18.
16
Let p = 15 + 2. Suppose -2*g - 145 = -5*u + 3*g, 153 = 5*u - g. Calculate the remainder when u is divided by p.
14
Let q = 69 - 41. What is the remainder when 53 is divided by q?
25
Let x(q) = 54*q**3 - 2*q**2 + q. Calculate the remainder when x(1) is divided by 18.
17
Suppose -45 = -2*x + 3. Suppose 23*v - 1724 + 643 = 0. What is the remainder when v is divided by x?
23
Let u(l) = -l - 3. Let q be u(-7). Suppose 2 + q = w. What is the remainder when 21 is divided by w?
3
Let u be (-18)/(-6)*(-2 - -7). Suppose 5*t = -f + 40, f + 47 - u = 3*t. What is the remainder when 35 is divided by t?
8
Let w(b) = 6*b + 2. Let a be w(1). Suppose a*l = 9*l - 3. Calculate the remainder when 6 is divided by l.
0
Let r(g) = 2*g**2 + 11*g - 3. What is the remainder when r(-8) is divided by 0 - -23 - (17 + -13)?
18
Suppose 4*v - 6 = 34. Suppose u = 4, 60 = 2*m - 2*u - v. Calculate the remainder when m is divided by 10.
9
Calculate the remainder when (2 + (-23)/4)*-4 is divided by 4.
3
Let h(u) = -u**3 + 4*u**2 + 2. Let f be h(4). Calculate the remainder when f/3 - 20/(-6) is divided by 4/14 + (-24)/(-14).
0
Let u = -6 - -1. Calculate the remainder when 5 is divided by 8 + 2 + u - 3.
1
Let p(f) = 35*f**3 + f - 1. Suppose 5 = 5*v + s, 0 = 5*v - 2*s - 2*s - 5. Calculate the remainder when p(v) is divided by 12.
11
Suppose o + 5*i - 12 = 0, -4*o - 5*i + 39 + 39 = 0. Suppose -7*c + 6*c = -8. What is the remainder when o is divided by c?
6
Let u be ((-2)/6)/(3/(-18)). Calculate the remainder when u/(-8) + (-17)/(-4) is divided by (2/4)/((-1)/(-6)).
1
What is the remainder when (-2)/12 + 1295/30 is divided by 11?
10
Suppose -c = -u + 30, 2*c + 174 = 5*u + 24. What is the remainder when u is divided by 8?
6
Suppose 3*x - 26 = -5*n, -5*x + 0*n = -4*n - 31. Calculate the remainder when x is divided by 5.
2
Suppose 4*t + 0 - 24 = 0. Calculate the remainder when 36 is divided by t*3*1 - -1.
17
Let j = 36 + -25. What is the remainder when 41 is divided by j?
8
Let r = 54 + -36. Let k(d) = -4*d**2 - 2. Let j be k(5). Let s = j - -171. Calculate the remainder when s is divided by r.
15
Suppose -1 = -2*a + 3. Suppose 5*g = a + 13. What is the remainder when g is divided by 3?
0
Suppose 2*v - 3*v = -3. Suppose -s = v*x - 4*s - 114, -s - 1 = 0. Calculate the remainder when x is divided by 10.
7
Suppose m = 3*y + 28, -154 = -3*m - 0*y - 5*y. What is the remainder when m is divided by 180/16 + (-2)/8?
10
Let f(o) = o**2 - o + 1. Suppose -3*k = 3*h - 21, 5*k - 2*h - 39 = -3*h. What is the remainder when f(6) is divided by k?
7
Suppose -5*y = -4*y - 19. Calculate the remainder when y is divided by 33*(2 - (-15)/(-9)).
8
What is the remainder when 72 is divided by 124/8 - (-1)/2?
8
Let y(a) = -4*a. What is the remainder when 22 is divided by y(-2)?
6
Suppose 0*g - 3*g + 357 = 0. Suppose -95 = -3*o - w, 0 = -5*o + 2*o + 5*w + g. What is the remainder when o is divided by 18?
15
Let v(n) = n**2 + 2*n - 8. Calculate the remainder when v(-8) is divided by 22.
18
Suppose 0 = -2*n + 4*x - 36, 7*x - 40 = 2*n + 2*x. What is the remainder when 30/(1 + 0) + -2 is divided by (-1 - 1 - n) + 2?
8
Let k = -18 + 25. Calculate the remainder when k is divided by 3.
1
Let t(k) = -5*k - 2. Suppose 6 = 4*c + 18. Calculate the remainder when 38 is divided by t(c).
12
What is the remainder when 2 is divided by ((-2)/(-2))/((-1)/(-2))?
0
Let d(m) = -6*m + 17. Calculate the remainder when d(-2) is divided by 9.
2
Suppose -s = -2*i - 13 - 15, 2*s - 3*i - 51 = 0. Suppose 2*w - 17 = w - 5*b, 4*b = -w + s. Calculate the remainder when 63 is divided by w.
19
Suppose -23 - 11 = -2*l. Calculate the remainder when l is divided by 6.
5
Let o(y) = -2*y - 4. Let p be o(-8). Calculate the remainder when 32 is divided by 1/((p/(-44))/(-3)).
10
Let b = -10 + 15. Let f be (10/(-4))/((-1)/2). Suppose 2*s - 35 = b*o, f*s - o - 5 = 25. What is the remainder when 8 is divided by s?
3
Let y = 19 - 7. What is the remainder when 33 is divided by y?
9
Let w(l) = l**3 - 11*l**2 - 12*l + 29. What is the remainder when w(12) is divided by 16?
13
Let t(f) = f**2 - f - 2. Let m = -4 - -7. Calculate the remainder when t(m) is divided by 3.
1
Suppose 2*g - 83 = 7. Calculate the remainder when g is divided by 23.
22
Let z = -59 - -70. Suppose 0 = -3*w - 81 + 210. What is the remainder when w is divided by z?
10
Let v = -37 - -55. Let j(x) = -33*x**3 - x. Suppose -2 = -3*b - 5. What is the remainder when j(b) is divided by v?
16
Let u be (-4)/(-2) - (-1 + -2). Suppose -u*i - 55 = 4*y, -i = 5*y - 0*y + 32. Let m(b) = -2*b + 4. What is the remainder when 52 is divided by m(i)?
16
Let t be -10*(36/(-10))/(-3). What is the remainder when 2/(-2*2/t) is divided by 2?
0
Let w = 14 + -10. Suppose -6*g = -5*f - w*g + 293, 3*g + 126 = 2*f. Calculate the remainder when f is divided by 15.
12
Let a(z) = -6*z - 4 - z - z**2 - z**3 - 5*z**2. Calculate the remainder when 16/(-12)*15/(-2) is divided by a(-5).
4
Suppose -7*f + 48 = -4*f. Let v = -281 + 404. Suppose -65 - v = -4*p. What is the remainder when p is divided by f?
15
Let f be (-2 + 2 + 1)*10. Suppose 0 = -2*k + f, c - 5*k - 14 + 6 = 0. Calculate the remainder when c is divided by (-25)/(-3) + (-4)/(-6).
6
Let w(k) = k**3 - 14*k**2 + 10*k + 43. What is the remainder when 54 is divided by w(13)?
2
Let l be -8 + 12 + 2 + -2. Suppose -4*k + 3*q + 48 = 0, 3*q - 2*q + l = 0. What is the remainder when k is divided by 4?
1
Suppose 2*x = 155 - 63. What is the remainder when x is divided by 17?
12
Suppose 2*x - 25 = 5. Let v(o) = -8*o - 12. Calculate the remainder when v(-5) is divided by x.
13
Let u(j) = j**3 - 2*j**2 + 4*j - 3. Let w be u(2). Suppose 0*i + 65 = w*i. What is the remainder when 38 is divided by i?
12
Let c = 11 - 17. Let w be (-16)/3 + (-2)/c. Let s = 21 + w. Calculate the remainder when 46 is divided by s.
14
Let x = -32 + 54. Let k = x + -6. What is the remainder when k is divided by 10 + 2 + -1 + -2?
7
Let a(n) = 2*n + 2. Let z be a(4). Let w = z - 5. What is the remainder when w is divided by 3?
2
Let t = 39 - 31. Let g = 34 - 12. What is the remainder when g is divided by t?
6
Suppose 3*o + 24 = 3*q, 0*q - 18 = -2*q + 3*o. Suppose 3 = 3*j - q. Suppose 4*g = 33 + j. Calculate the remainder when 26 is divided by g.
8
Suppose 5*c - 221 - 44 = 0. Calculate the remainder when c is divided by 6.
5
Suppose -4*m + 8*m + 160 = 5*r, 3*r + 5*m = 96. What is the remainder when 62 is divided by r?
30
Let y